 11*v + 9. Let p(y) = -y**3 - 8*y**2 + 10*y + 8. Let t(q) = 2*f(q) - 3*p(q). Give t(-7).
1
Suppose 5*t - 33 = -2*j, 2*j + 9 = 3*t + 2. Let w(u) = -u**3 + 5*u**2 - 2*u - 2. Determine w(t).
-12
Let c(h) = 2 - h**3 - 3*h**2 - h**2 + 5*h - 3 + h. Give c(-5).
-6
Let q = 1 - -4. Suppose 3*d - 15 = -2*y, q*d - 24 = -y - 2*y. Let l(c) = -d*c - 4 + c**2 + 0*c + 5. Determine l(3).
1
Let t(y) = 3*y**2 - 12*y - 21. Let n(d) = -d**2 + 4*d + 7. Let u(o) = -11*n(o) - 4*t(o). Give u(6).
-5
Let n(c) be the third derivative of 7*c**4/24 + c**3/6 - 6*c**2. Give n(-1).
-6
Let p(r) = -3*r**2 - 3*r + 6*r - 3 + 5*r**2 - 3*r**2. Suppose -s = -2*i, 0 = -2*s - 5*i - 7 + 16. What is p(s)?
-1
Let h(g) = -g**2 - 6. Let j be 4 + (-7 - (-5 + 2)). Determine h(j).
-6
Let i(x) = -x**2 + 2*x - 1. Suppose -5*q = -o - 22, -3*o - o = 4*q - 32. Let m = -2 + o. What is i(m)?
0
Let b(r) = -r**3 - 5*r**2 - 2*r + 5. Let p = -27 - -15. Let d be 3/p + (-30)/8. Give b(d).
-3
Let t = -24 - -23. Let i(x) = -3*x**3 - x**2 - x - 1. Calculate i(t).
2
Let n be 1 - (1 + 6/2). Let h(d) = -2*d + 0*d + 3*d - 2*d - d**3 - 4*d**2. Give h(n).
-6
Let u(o) be the second derivative of o**3/6 + o**2/2 - o + 16. Let d(p) = -2*p + 6. Let y be d(4). Calculate u(y).
-1
Suppose 15 = 3*j - 3. Let p(b) = b**3 - 5*b**2 - 5*b - 6. Give p(j).
0
Let h(c) = -3*c. Suppose 0*w = 3*w - 3. Determine h(w).
-3
Let w(h) = -h**3 - h**2 + 2*h - 3. Let q be 2/14 - (-132)/(-42). Calculate w(q).
9
Let j(i) = -5*i**2 - 3*i + 5. Let k(w) = 4*w**2 + 3*w - 4. Let p(y) = 2*j(y) + 3*k(y). Calculate p(-3).
7
Let g(f) = -f + 3. Let m(k) = -k**3 + 6*k**2 + 6*k + 4. Let l be m(7). Give g(l).
6
Let l(k) = 2*k**3 + 3 + k - k**3 + 4*k**2 - 4. Let t(q) = 42*q**2 + 2. Let y be t(-2). Let c be (-4)/18 + y/(-45). Calculate l(c).
-5
Let h(j) = -58*j + 108*j - 2*j**2 - 57*j - 4. Determine h(-4).
-8
Let k(p) = p**2. Let q(u) = -3*u**2 + 3*u + 3. Let g(m) = -4*k(m) - q(m). Let h(f) = -f**3 + 10*f**2 - 10*f - 1. Let r be h(9). Let v = r - -6. What is g(v)?
-7
Let s(f) = 8*f + 4. Let o(n) = -3*n - 1. Let i(w) = -7*o(w) - 2*s(w). Give i(1).
4
Let n(m) = m**3 - 11*m**2 - 14*m + 28. Let u be n(12). Let s(a) = -a**3 + 4*a**2 - a. Give s(u).
-4
Let m(p) = p**3 + 7*p**2 + 6*p + 11. Let k(q) = q - 1. Let t(c) = 2*k(c) + m(c). What is t(-6)?
-3
Let t(d) = d**3 - 5*d**2 - 3*d + 4. Let n be 2/(-8) - (-231)/44. Give t(n).
-11
Let n(x) = x**2 + 5*x - 31. Let m be n(-9). Let j(q) be the third derivative of -5/6*q**3 - 1/120*q**6 + 1/24*q**4 - 3*q**2 + 0*q**m + 0 + 0*q. Determine j(0).
-5
Let w = -24 - -25. Let k(x) = 11*x - 1. Calculate k(w).
10
Let f(q) = q**2 + 0*q**3 + 2 + 0 + q - q**3. Suppose 22 + 3 = 5*v. Let g = v + -3. Calculate f(g).
0
Suppose -3*b - 16 = -10. Let n(l) = -3*l**3 - 3*l**2 + 1. Calculate n(b).
13
Let a(u) = -u**3 + 3*u**2 - u + 3. Let q be -5 - (-296)/36 - (-4)/(-18). What is a(q)?
0
Let n(o) = o**2 + 7*o + 2. Let y(c) = 8*c + 6 + c**2 - 4 + 4*c - 4*c. Let h(t) = 5*n(t) - 4*y(t). Give h(-4).
6
Let p(q) = -q**2 - 8*q - 4. Let h = -110 - -103. What is p(h)?
3
Let k(z) = -2*z + 7. Let q = 27 + -21. What is k(q)?
-5
Let o(j) = 1 - j + 2*j**2 - 3 + 2*j. Let k = -460 + 462. Determine o(k).
8
Let g(r) = 11*r**2 - 7*r + r**3 - 16*r**2 + 10*r**2 + 2. Give g(-6).
8
Let u be (-14)/105 - (-73)/(-15). Let r(x) = -x**2 - 7*x - 6. Calculate r(u).
4
Let o = -5 + 1. Let u(j) = -3*j**3 - 4 + 2*j**3 - 2*j + 4*j**2 + 2*j**3. Let i(w) = -2*w**3 - 8*w**2 + 4*w + 9. Let z(q) = -6*i(q) - 13*u(q). Determine z(o).
-10
Let w(y) = -2*y**2 - 6*y. Suppose -4*p - 3*h + 1 - 8 = 0, p - 2*h = -10. Give w(p).
-8
Let k = 65/2 + -32. Let o(i) be the first derivative of 0*i + 2 + k*i**2. Determine o(3).
3
Let w(h) = 4*h**3 - 2*h**2 - h. Let z(q) = 6*q - 31. Let j be z(5). Determine w(j).
-5
Let i(j) = -6 + 0*j - 1 - 4*j + j**2. Let f(k) = k**3 + 2*k**2 + k + 2. Let q be f(-2). Suppose q*m = -m + n + 6, 2*m = -4*n + 12. What is i(m)?
5
Suppose 3*d + 23 = 5*g, -4*d = -g + d + 9. Let y(s) = 6*s + 21. Let i(h) = h + 4. Let z(q) = 11*i(q) - 2*y(q). Determine z(g).
-2
Let l(w) = -w**3 - 4*w**2 + 2*w - 2. Let g = -2 + 5. Suppose -g*p - 8 = -p. Give l(p).
-10
Let h be -5 - -2*(2 + -1). Let d = -3 - h. Let a(f) = -2 + 5 + 0 + 1 + f. What is a(d)?
4
Let p(f) = -2*f**3 + 3*f**2 - 2*f + 1. Suppose -4*n + 8 = 3*m, 0 = n - 2*m - 3 + 1. Give p(n).
-7
Let h be (-3)/6 + (-13)/(-2). Let i = 8 - h. Let s(f) = -f**i - f**2 + 4*f**2 + 5*f + 3. Determine s(-3).
6
Let k(l) = 3*l**2 - 2*l + 5*l + l**3 - 6*l. Let d be 10/15*-3*(0 + 2). Give k(d).
-4
Let c(n) = n**2 - 3*n - 7. Suppose -z = -4*z - 36. Let h = z - -2. Let i = h - -15. Determine c(i).
3
Let r = 4 + -2. Let h(o) = -3 - o**3 - o**r + 3*o - o + 0*o**3 + 2*o**3. Give h(2).
5
Let x(n) = -n**3 + 4*n**2 - n + 1. Let f(w) = w**2 - 11*w + 10. Let s be f(9). Let q(y) = -y**3 - 8*y**2 - y - 5. Let t be q(s). Calculate x(t).
7
Let q = 21 - 7. Let a(k) = -3*k**2 - k**2 + q - 12. What is a(2)?
-14
Let c(h) = h**2 + h + 3. Let b be c(-3). Let f = b - 5. Let u(a) = f*a - 3 - 2*a - 3*a + 2. Determine u(3).
-4
Suppose 0*q - 15 = -3*b - 2*q, -18 = -5*b - q. Let v(x) = 2*x + 3. Let a(p) = -p - 3. Suppose 3*l - 5 = 7. Let s(k) = l*v(k) + 5*a(k). Give s(b).
6
Suppose -16*u + 16 - 144 = 0. Let k(o) = -o**2 - 6*o + 10. Determine k(u).
-6
Let z be (2 - -1)/(3/(-4)). Let o be 2/((z - -2) + 1). Let y(h) = 1 - 2 + h + 0 + 2*h. Calculate y(o).
-7
Let t(p) be the first derivative of -p**4/4 - p**3 + 5*p**2/2 + 4*p + 43. Let d be (-1)/1 + -4 + 1. What is t(d)?
0
Let t be 4/(-2)*3/(-2). Let z(c) be the first derivative of c**2/2 + 2*c - 2. Let j be z(t). Let a(r) = r + 2. What is a(j)?
7
Let k(m) = 3*m**2 - m - 6 + m**3 - 3*m + 2. Let n(s) = 16*s**3 - 2*s**2 + 1. Let g be n(-1). Let a = g - -13. Determine k(a).
-4
Suppose 3*i + 2*y = 14, 0 = 2*y + y - 12. Let d(r) = 1 + 3 + 6 + r + r**i + r**3 - 3. Determine d(0).
7
Let o(u) = -u**3 - 7*u**2 - 6*u - 5. Let w = 33 - 24. Let j be (-24)/(-18)*w/(-2). Calculate o(j).
-5
Let t be -2 - (2 - 3)*-2. Let h = -1 - t. Suppose -3 = -h*c - 0. Let j(i) = 5*i**3 - 1. Calculate j(c).
4
Let n(a) = a**2 - 16*a + 6. Let x be n(16). Let f(u) = -3*u + 9. Determine f(x).
-9
Let u(l) = -2*l - 32. Let t be u(-19). Let q(h) be the first derivative of h**2/2 - 5*h + 1. Determine q(t).
1
Let p(d) = 6 - 8*d - d**3 + 8*d**2 + 0 - 1. What is p(7)?
-2
Suppose 5*q + 4 = -3*l - 0, -4*q = 4*l. Let j be 10/15*(-9)/l. Let s(w) = 2*w. Give s(j).
-6
Let h(v) = 1 + 10*v**2 - 5 + 5. Suppose 29*m = j + 25*m + 9, j + 3*m - 5 = 0. Give h(j).
11
Let g(s) be the first derivative of -1/2*s**2 + 2/3*s**3 - 2 + 1/4*s**4 + 2*s. Suppose -3 = -4*f - 15. What is g(f)?
-4
Let q(n) = -n**3 - 5*n**2 + n + 4. Suppose -a = -s - 0*s - 12, -2*a + 40 = -3*s. Let r be (-2)/(-5) - s/10. Let b be 18/(-4) + r/(-4). Determine q(b).
-1
Let u(t) be the first derivative of -3*t**4/2 - t**2/2 - 3. Let r(y) = 3*y + 8. Let x be r(-3). Give u(x).
7
Let y = 16 + -12. Suppose -y*n + n - 6 = 0. Let l(x) = 2*x**3 + x**2 - 2*x - 2. Determine l(n).
-10
Let j(u) = -u**2 + 5*u + 8. Let n be j(6). Let l(h) = 3*h - 2*h + 3*h + n - 5*h. Suppose 0 = o + 3*o + 12. Determine l(o).
5
Let b be 26/(-5) + (-2)/(-10). Let n(q) = q**3 + 5*q**2 + q + 2. Let i be n(b). Let f(g) = g**2 - 4*g - g - 2 - 6*g**2 - g**3. What is f(i)?
-5
Let b be -3 - (-2)/1 - -5. Let m(f) = 4*f**3 + 0*f - 3*f**3 + b*f**2 - 6 - 6*f. Suppose 3*j + j + 3*u = -20, -2*u - 5 = j. Calculate m(j).
-1
Let u(t) = -2*t - 10. Let y be ((-16)/10)/((-1)/(-5)). Let o be u(y). Suppose 2*b - o*b + 8 = 0. Let k(w) = -w**3 + 3*w**2 - w + 1. What is k(b)?
3
Let k(p) = 14 + 2*p + p**2 + 18 - 36 + 0*p**2. Calculate k(3).
11
Let d(r) = r**3 - 3*r**2 - 4*r + 3. Let w be d(4). Let o(m) = w*m - 2 + 2 - 8*m + m**2. What is o(6)?
6
Let w(l) = l + 3. Let x be w(-3). Let r(z) = -z**2 - 5*z - 4. Let n be r(-4). Let f(h) = -h + h + h + n. What is f(x)?
0
Let s(h) = 6*h - 2. Let m(f) = -2*f - 5. Let k be m(-4). Suppose j - k = -1. Give s(j).
10
Suppose -8 = -0*k + 2*k. Let r(c) be the first derivative of c**3/6 - c + 3. Let i(m) be the first derivative of r(m). Give i(k).
-4
Let u(k) = -k + k + k**2 + 6*k**3 - 1. Let t(w) = -w**3 - w**2 + 4*w. Let n be t(-3). Suppose 0 = 3*q + 3*q + n. Give u(q).
-6
Let c(i) be the second derivative of -i**5/20 + i**4/6 + i**3/2